{"id":348,"date":"2017-09-05T11:37:36","date_gmt":"2017-09-05T11:37:36","guid":{"rendered":"https:\/\/angela.ancorathemes.com\/?page_id=348"},"modified":"2023-03-02T19:34:55","modified_gmt":"2023-03-02T19:34:55","slug":"cirugia-robotica","status":"publish","type":"page","link":"https:\/\/draglendaherrera.com\/index.php\/cirugia-robotica\/","title":{"rendered":"Cirug\u00eda Rob\u00f3tica"},"content":{"rendered":"<p>[vc_row][vc_column offset=&#8221;vc_col-md-5&#8243;][vc_single_image image=&#8221;1250&#8243; img_size=&#8221;full&#8221; alignment=&#8221;center&#8221;][\/vc_column][vc_column offset=&#8221;vc_hidden-lg vc_hidden-md&#8221;][vc_empty_space alter_height=&#8221;huge&#8221; hide_on_desktop=&#8221;&#8221; hide_on_notebook=&#8221;&#8221; hide_on_tablet=&#8221;&#8221; hide_on_mobile=&#8221;&#8221;][\/vc_column][vc_column offset=&#8221;vc_col-md-offset-1 vc_col-md-6&#8243;][vc_empty_space height=&#8221;1.3rem&#8221; alter_height=&#8221;none&#8221; hide_on_desktop=&#8221;&#8221; hide_on_notebook=&#8221;&#8221; hide_on_tablet=&#8221;&#8221; hide_on_mobile=&#8221;&#8221;]<div id=\"sc_services_1452694430\" class=\"sc_services color_style_default sc_services_light sc_services_featured_left\"><h6 class=\"sc_item_subtitle sc_services_subtitle sc_align_left sc_item_title_style_default\"><span>Dra. Glenda Herrera<\/span><\/h6><h3 class=\"sc_item_title sc_services_title sc_align_left sc_item_title_style_default\">Cirug\u00eda Rob\u00f3tica<\/h3><div class=\"sc_item_descr sc_services_descr sc_align_left\"><p>La Dra. Glenda Herrera realiz\u00f3 la primera manga rob\u00f3tica a nivel privado del nuevo Robot Davinci XI<\/p>\n<\/div><div class=\"sc_services_content sc_item_content sc_item_columns_1\"><div class=\"sc_services_item with_content with_icon sc_services_item_featured_left\">\n\t\t\n\t<div class=\"sc_services_item_info\">\n\t\t<div class=\"sc_services_item_header\">\n\t\t\t\t\t\t<h6 class=\"sc_services_item_title\"><a href=\"https:\/\/draglendaherrera.com\/index.php\/services\/facil-recuperacion-y-menos-cicatrices-perceptibles\/\">F\u00e1cil recuperaci\u00f3n y menos cicatrices perceptibles<\/a><\/h6>\n\t\t<\/div>\n\t\t\t\t\t<div class=\"sc_services_item_content\"><\/div>\n            <div class=\"sc_services_item_button sc_item_button\"><a href=\"https:\/\/draglendaherrera.com\/index.php\/services\/facil-recuperacion-y-menos-cicatrices-perceptibles\/\" class=\"sc_button sc_button_iconed\"><span class=\"sc_button_icon\"><span class=\"icon-double-right\"><\/span><\/span><\/a><\/div>\n\t\t\t<\/div>\n<\/div>\n<div class=\"sc_services_item with_content with_icon sc_services_item_featured_left\">\n\t\t\n\t<div class=\"sc_services_item_info\">\n\t\t<div class=\"sc_services_item_header\">\n\t\t\t\t\t\t<h6 class=\"sc_services_item_title\"><a href=\"https:\/\/draglendaherrera.com\/index.php\/services\/davinci-xi\/\">Davinci XI<\/a><\/h6>\n\t\t<\/div>\n\t\t\t\t\t<div class=\"sc_services_item_content\"><p>La cirug\u00eda rob\u00f3tica es una t\u00e9cnica muy avanzada tecnol\u00f3gicamente, se realiza utilizando un robot llamado da Vinci, permiti\u00e9ndole al cirujano llevar a cabo procedimientos quir\u00fargicos de una forma muy precisa.<\/p>\n<\/div>\n            <div class=\"sc_services_item_button sc_item_button\"><a href=\"https:\/\/draglendaherrera.com\/index.php\/services\/davinci-xi\/\" class=\"sc_button sc_button_iconed\"><span class=\"sc_button_icon\"><span class=\"icon-double-right\"><\/span><\/span><\/a><\/div>\n\t\t\t<\/div>\n<\/div>\n<div class=\"sc_services_item with_content with_icon sc_services_item_featured_left\">\n\t\t\n\t<div class=\"sc_services_item_info\">\n\t\t<div class=\"sc_services_item_header\">\n\t\t\t\t\t\t<h6 class=\"sc_services_item_title\"><a href=\"https:\/\/draglendaherrera.com\/index.php\/services\/cirugia-robotica\/\">Ventajas de la Cirug\u00eda Rob\u00f3tica<\/a><\/h6>\n\t\t<\/div>\n\t\t\t\t\t<div class=\"sc_services_item_content\"><p>Las ventajas de este m\u00e9todo respecto a la cirug\u00eda tradicional abierta es que, las incisiones son peque\u00f1as y precisas, lo cual facilita el proceso de recuperaci\u00f3n, adem\u00e1s de disminuir el dolor postoperatorio.<\/p>\n<\/div>\n            <div class=\"sc_services_item_button sc_item_button\"><a href=\"https:\/\/draglendaherrera.com\/index.php\/services\/cirugia-robotica\/\" class=\"sc_button sc_button_iconed\"><span class=\"sc_button_icon\"><span class=\"icon-double-right\"><\/span><\/span><\/a><\/div>\n\t\t\t<\/div>\n<\/div>\n<\/div><\/div><!-- \/.sc_services -->[\/vc_column][vc_column][vc_empty_space alter_height=&#8221;huge&#8221; hide_on_desktop=&#8221;&#8221; hide_on_notebook=&#8221;&#8221; hide_on_tablet=&#8221;&#8221; hide_on_mobile=&#8221;&#8221;][\/vc_column][\/vc_row][vc_row full_width=&#8221;stretch_row_content_no_spaces&#8221; hide_bg_image_on_tablet=&#8221;&#8221; hide_bg_image_on_mobile=&#8221;&#8221; css=&#8221;.vc_custom_1677783441926{background-image: url(https:\/\/draglendaherrera.com\/wp-content\/uploads\/2023\/03\/perder-peso-quito-ecuador.jpg?id=1232) !important;background-position: top left !important;background-repeat: no-repeat !important;background-size: cover !important;}&#8221;][vc_column][vc_empty_space alter_height=&#8221;huge&#8221; hide_on_desktop=&#8221;&#8221; hide_on_notebook=&#8221;&#8221; hide_on_tablet=&#8221;&#8221; hide_on_mobile=&#8221;&#8221; css=&#8221;.vc_custom_1511519900495{margin-bottom: 2.6rem !important;}&#8221;]<div id=\"sc_content_884304509\"\r\n\t\tclass=\"sc_content color_style_default sc_content_default sc_content_width_1_1 sc_float_center\"><div class=\"sc_content_container\">[vc_row_inner][vc_column_inner offset=&#8221;vc_col-md-6&#8243;]<div id=\"sc_services_286644842\" class=\"sc_services color_style_default sc_services_light sc_services_featured_left\"><h6 class=\"sc_item_subtitle sc_services_subtitle sc_align_left sc_item_title_style_default\"><span>Dra. Glenda Herrera<\/span><\/h6><h3 class=\"sc_item_title sc_services_title sc_align_left sc_item_title_style_default\">Ventajas de la <i>Cirug\u00eda Rob\u00f3tica<\/i><\/h3><div class=\"sc_services_content sc_item_content sc_item_columns_1\"><div class=\"sc_services_item with_content with_number sc_services_item_featured_left\">\n\t<span class=\"sc_services_item_number\">1<\/span>\t\n\t<div class=\"sc_services_item_info\">\n\t\t<div class=\"sc_services_item_header\">\n\t\t\t\t\t\t<h5 class=\"sc_services_item_title\"><a href=\"https:\/\/draglendaherrera.com\/index.php\/services\/robotica-2\/\">Menor tasa de complicaciones quir\u00fargicas y p\u00e9rdida de sangre<\/a><\/h5>\n\t\t<\/div>\n\t\t\t\t\t<div class=\"sc_services_item_content\"><\/div>\n            <div class=\"sc_services_item_button sc_item_button\"><a href=\"https:\/\/draglendaherrera.com\/index.php\/services\/robotica-2\/\" class=\"sc_button sc_button_iconed\"><span class=\"sc_button_icon\"><span class=\"icon-double-right\"><\/span><\/span><\/a><\/div>\n\t\t\t<\/div>\n<\/div>\n<div class=\"sc_services_item with_content with_number sc_services_item_featured_left\">\n\t<span class=\"sc_services_item_number\">2<\/span>\t\n\t<div class=\"sc_services_item_info\">\n\t\t<div class=\"sc_services_item_header\">\n\t\t\t\t\t\t<h5 class=\"sc_services_item_title\"><a href=\"https:\/\/draglendaherrera.com\/index.php\/services\/morning-sickness\/\">Menor dolor postoperatorio y menor estancia hospitalaria<\/a><\/h5>\n\t\t<\/div>\n\t\t\t\t\t<div class=\"sc_services_item_content\"><\/div>\n            <div class=\"sc_services_item_button sc_item_button\"><a href=\"https:\/\/draglendaherrera.com\/index.php\/services\/morning-sickness\/\" class=\"sc_button sc_button_iconed\"><span class=\"sc_button_icon\"><span class=\"icon-double-right\"><\/span><\/span><\/a><\/div>\n\t\t\t<\/div>\n<\/div>\n<\/div><\/div><!-- \/.sc_services -->[\/vc_column_inner][vc_column_inner width=&#8221;1\/2&#8243;][\/vc_column_inner][\/vc_row_inner]<\/div><\/div><!-- \/.sc_content -->[\/vc_column][vc_column][vc_empty_space alter_height=&#8221;huge&#8221; hide_on_desktop=&#8221;&#8221; hide_on_notebook=&#8221;&#8221; hide_on_tablet=&#8221;&#8221; hide_on_mobile=&#8221;&#8221; css=&#8221;.vc_custom_1511524165507{margin-top: 3.5rem !important;}&#8221;][\/vc_column][\/vc_row][vc_row full_width=&#8221;stretch_row_content_no_spaces&#8221; scheme=&#8221;dark&#8221;][vc_column offset=&#8221;vc_hidden-sm vc_hidden-xs&#8221;]<div class=\"sc_content_wrap sc_push_medium\"><div id=\"sc_content_1512299037\"\r\n\t\tclass=\"sc_content color_style_default sc_content_default sc_content_width_1_2 sc_float_right sc_padding_tiny  vc_custom_1511524271689\"><div class=\"sc_content_container\">[vc_column_text css=&#8221;.vc_custom_1677784290278{background-color: #80b7f7 !important;}&#8221;]<\/p>\n<h5 class=\"trx_addons_no_margin\">Estamos para atenderte:<\/h5>\n<h5 class=\"trx_addons_no_margin\">+593 99 259 9825<\/h5>\n<p>[\/vc_column_text]<\/div><\/div><!-- \/.sc_content --><\/div><!-- \/.sc_content_wrap -->[vc_empty_space alter_height=&#8221;huge&#8221; hide_on_desktop=&#8221;&#8221; hide_on_notebook=&#8221;&#8221; hide_on_tablet=&#8221;&#8221; hide_on_mobile=&#8221;&#8221; css=&#8221;.vc_custom_1511525447189{margin-bottom: -2rem !important;}&#8221;][\/vc_column][\/vc_row][vc_row][vc_column offset=&#8221;vc_hidden-lg vc_hidden-md&#8221;][vc_empty_space alter_height=&#8221;huge&#8221; hide_on_desktop=&#8221;&#8221; hide_on_notebook=&#8221;&#8221; hide_on_tablet=&#8221;&#8221; hide_on_mobile=&#8221;&#8221;][\/vc_column][\/vc_row][vc_row][vc_column]<div id=\"sc_services_2027790856\" class=\"sc_services color_style_default sc_services_light sc_services_featured_top\"><h6 class=\"sc_item_subtitle sc_services_subtitle sc_align_center sc_item_title_style_default\"><span>Dra. Glenda Herrera<\/span><\/h6><h3 class=\"sc_item_title sc_services_title sc_align_center sc_item_title_style_default\">M\u00e1s Curiosidades<\/h3><div class=\"sc_item_descr sc_services_descr sc_align_center\"><p>Las ventajas de este m\u00e9todo respecto a la cirug\u00eda tradicional abierta es que, las incisiones son peque\u00f1as y precisas, lo cual facilita el proceso de recuperaci\u00f3n, adem\u00e1s de disminuir el dolor postoperatorio.<\/p>\n<p>Estas son algunas de las ventajas de la cirug\u00eda rob\u00f3tica que se traducen en beneficios para el paciente durante y despu\u00e9s del procedimiento:<\/p>\n<\/div><div class=\"sc_services_columns_wrap sc_item_columns sc_item_columns_3 trx_addons_columns_wrap columns_padding_bottom\"><div class=\"trx_addons_column-1_3\"><div class=\"sc_services_item with_content with_image sc_services_item_featured_top\">\n\t<div class=\"post_featured with_thumb hover_icon sc_services_item_thumb\"><img loading=\"lazy\" decoding=\"async\" width=\"406\" height=\"261\" src=\"https:\/\/draglendaherrera.com\/wp-content\/uploads\/2023\/03\/Herrera-e1677784652968-406x261.png\" class=\"attachment-angela-thumb-med size-angela-thumb-med wp-post-image\" alt=\"\" \/><div class=\"mask\"><\/div><div class=\"icons\"><a href=\"https:\/\/draglendaherrera.com\/index.php\/services\/quirofano-cirugia-robotica\/\" aria-hidden=\"true\" class=\"icon-view\"><\/a><\/div><\/div>\t\n\t<div class=\"sc_services_item_info\">\n\t\t<div class=\"sc_services_item_header\">\n\t\t\t\t\t\t<h6 class=\"sc_services_item_title\"><a href=\"https:\/\/draglendaherrera.com\/index.php\/services\/quirofano-cirugia-robotica\/\">En el quir\u00f3fano<\/a><\/h6>\n\t\t<\/div>\n\t\t\t\t\t<div class=\"sc_services_item_content\"><p>Menor tasa de complicaciones quir\u00fargicas y p\u00e9rdida de sangre durante la cirug\u00eda<\/p>\n<\/div>\n            <div class=\"sc_services_item_button sc_item_button\"><a href=\"https:\/\/draglendaherrera.com\/index.php\/services\/quirofano-cirugia-robotica\/\" class=\"sc_button sc_button_iconed\"><span class=\"sc_button_icon\"><span class=\"icon-double-right\"><\/span><\/span><\/a><\/div>\n\t\t\t<\/div>\n<\/div>\n<\/div><div class=\"trx_addons_column-1_3\"><div class=\"sc_services_item with_content with_image sc_services_item_featured_top\">\n\t<div class=\"post_featured with_thumb hover_icon sc_services_item_thumb\"><img loading=\"lazy\" decoding=\"async\" width=\"406\" height=\"261\" src=\"https:\/\/draglendaherrera.com\/wp-content\/uploads\/2017\/09\/WhatsApp-Image-2023-02-17-at-11.36.03-1-e1677784879801-406x261.jpeg\" class=\"attachment-angela-thumb-med size-angela-thumb-med wp-post-image\" alt=\"\" srcset=\"https:\/\/draglendaherrera.com\/wp-content\/uploads\/2017\/09\/WhatsApp-Image-2023-02-17-at-11.36.03-1-e1677784879801-406x261.jpeg 406w, https:\/\/draglendaherrera.com\/wp-content\/uploads\/2017\/09\/WhatsApp-Image-2023-02-17-at-11.36.03-1-e1677784879801-663x428.jpeg 663w\" sizes=\"auto, (max-width: 406px) 100vw, 406px\" \/><div class=\"mask\"><\/div><div class=\"icons\"><a href=\"https:\/\/draglendaherrera.com\/index.php\/services\/postoperatorio-cirugia-robotica\/\" aria-hidden=\"true\" class=\"icon-view\"><\/a><\/div><\/div>\t\n\t<div class=\"sc_services_item_info\">\n\t\t<div class=\"sc_services_item_header\">\n\t\t\t\t\t\t<h6 class=\"sc_services_item_title\"><a href=\"https:\/\/draglendaherrera.com\/index.php\/services\/postoperatorio-cirugia-robotica\/\">En el postoperatorio<\/a><\/h6>\n\t\t<\/div>\n\t\t\t\t\t<div class=\"sc_services_item_content\"><p>Menor dolor postoperatorio, tiempo de estancia hospitalaria y f\u00e1cil recuperaci\u00f3n<\/p>\n<\/div>\n            <div class=\"sc_services_item_button sc_item_button\"><a href=\"https:\/\/draglendaherrera.com\/index.php\/services\/postoperatorio-cirugia-robotica\/\" class=\"sc_button sc_button_iconed\"><span class=\"sc_button_icon\"><span class=\"icon-double-right\"><\/span><\/span><\/a><\/div>\n\t\t\t<\/div>\n<\/div>\n<\/div><div class=\"trx_addons_column-1_3\"><div class=\"sc_services_item with_content with_image sc_services_item_featured_top\">\n\t<div class=\"post_featured with_thumb hover_icon sc_services_item_thumb\"><img loading=\"lazy\" decoding=\"async\" width=\"406\" height=\"261\" src=\"https:\/\/draglendaherrera.com\/wp-content\/uploads\/2017\/09\/que-es-da-vinci-xi-scaled-1-406x261.webp\" class=\"attachment-angela-thumb-med size-angela-thumb-med wp-post-image\" alt=\"\" \/><div class=\"mask\"><\/div><div class=\"icons\"><a href=\"https:\/\/draglendaherrera.com\/index.php\/services\/cirugia-robotica-vida\/\" aria-hidden=\"true\" class=\"icon-view\"><\/a><\/div><\/div>\t\n\t<div class=\"sc_services_item_info\">\n\t\t<div class=\"sc_services_item_header\">\n\t\t\t\t\t\t<h6 class=\"sc_services_item_title\"><a href=\"https:\/\/draglendaherrera.com\/index.php\/services\/cirugia-robotica-vida\/\">Vida Cotidiana<\/a><\/h6>\n\t\t<\/div>\n\t\t\t\t\t<div class=\"sc_services_item_content\"><p>Regreso m\u00e1s r\u00e1pido a las actividades cotidianas y cicatrices menos perceptibles.<\/p>\n<\/div>\n            <div class=\"sc_services_item_button sc_item_button\"><a href=\"https:\/\/draglendaherrera.com\/index.php\/services\/cirugia-robotica-vida\/\" class=\"sc_button sc_button_iconed\"><span class=\"sc_button_icon\"><span class=\"icon-double-right\"><\/span><\/span><\/a><\/div>\n\t\t\t<\/div>\n<\/div>\n<\/div><\/div><\/div><!-- \/.sc_services -->[vc_empty_space alter_height=&#8221;large&#8221; hide_on_desktop=&#8221;&#8221; hide_on_notebook=&#8221;&#8221; hide_on_tablet=&#8221;&#8221; hide_on_mobile=&#8221;&#8221; css=&#8221;.vc_custom_1511528300784{margin-bottom: -1.2rem !important;}&#8221;][\/vc_column][\/vc_row][vc_row full_width=&#8221;stretch_row&#8221; scheme=&#8221;dark&#8221; css=&#8221;.vc_custom_1677785518085{background-image: url(https:\/\/draglendaherrera.com\/wp-content\/uploads\/2023\/03\/CIRUGIA-ROBOTICA-QUITO.jpg?id=1255) !important;background-position: center !important;background-repeat: no-repeat !important;background-size: cover !important;}&#8221;][vc_column][vc_empty_space alter_height=&#8221;huge&#8221; hide_on_desktop=&#8221;&#8221; hide_on_notebook=&#8221;&#8221; hide_on_tablet=&#8221;&#8221; hide_on_mobile=&#8221;&#8221; css=&#8221;.vc_custom_1511527409282{margin-top: 6.6rem !important;}&#8221;]<div  id=\"sc_action_1929032520\" \r\n\tclass=\"sc_action color_style_default sc_action_default\"><h6 class=\"sc_item_subtitle sc_action_subtitle sc_align_center sc_item_title_style_default\"><span>Dra. Glenda Herrera<\/span><\/h6><h1 class=\"sc_item_title sc_action_title sc_align_center sc_item_title_style_default sc_item_title_tag\">Te invitamos a conocer m\u00e1s de esta nueva tecnolog\u00eda que cambiar\u00e1 tu vida<\/h1><div class=\"sc_action_content sc_item_content\"><div class=\"sc_action_item sc_action_item_default sc_action_item_mc\">\r\n\t\t\t<\/div><\/div><div class=\"sc_item_button sc_button_wrap sc_align_center\"><a href=\"https:\/\/draglendaherrera.com\/index.php\/agenda-una-cita\/\" id=\"sc_button_250753745\" class=\"sc_button color_style_default sc_button_default sc_item_button sc_item_button_default sc_action_button sc_button_size_normal sc_button_icon_left\"><span class=\"sc_button_text\"><span class=\"sc_button_title\">Agenda una Cita<\/span><\/span><!-- \/.sc_button_text --><\/a><!-- \/.sc_button --><\/div><!-- \/.sc_item_button --><\/div><!-- \/.sc_action -->[vc_empty_space alter_height=&#8221;huge&#8221; hide_on_desktop=&#8221;&#8221; hide_on_notebook=&#8221;&#8221; hide_on_tablet=&#8221;&#8221; hide_on_mobile=&#8221;&#8221; css=&#8221;.vc_custom_1511527427527{margin-top: 7rem !important;}&#8221;][\/vc_column][\/vc_row][vc_row][vc_column][vc_empty_space alter_height=&#8221;large&#8221; hide_on_desktop=&#8221;&#8221; hide_on_notebook=&#8221;&#8221; hide_on_tablet=&#8221;&#8221; hide_on_mobile=&#8221;&#8221; css=&#8221;.vc_custom_1511527676609{margin-top: 0.7rem !important;}&#8221;]<div  id=\"sc_action_1696169068\" \r\n\tclass=\"sc_action color_style_default sc_action_simple\"><div class=\"sc_action_content sc_item_content\"><div class=\"sc_action_item sc_action_item_simple sc_action_item_ml\">\r\n\t\t\t<div class=\"sc_action_item_image\"><img loading=\"lazy\" decoding=\"async\" src=\"https:\/\/draglendaherrera.com\/wp-content\/uploads\/2017\/09\/send-a-message.png\" alt=\"\" width=\"96\" height=\"96\"><\/div><h3 class=\"sc_action_item_title\"><span>Agendar una Cita<\/span><\/h3><div class=\"sc_action_item_description\"><span>Ingresa al link y d\u00e9janos tus datos, estaremos felices de atenderte<\/span><\/div><a href=\"https:\/\/draglendaherrera.com\/index.php\/agenda-una-cita\/\" class=\"sc_action_item_link sc_button sc_button_size_small\">AGENDA UNA CITA<\/a><\/div><\/div><\/div><!-- \/.sc_action -->[\/vc_column][\/vc_row]<\/p>\n","protected":false},"excerpt":{"rendered":"<p>[vc_row][vc_column offset=&#8221;vc_col-md-5&#8243;][vc_single_image image=&#8221;1250&#8243; img_size=&#8221;full&#8221; alignment=&#8221;center&#8221;][\/vc_column][vc_column offset=&#8221;vc_hidden-lg vc_hidden-md&#8221;][vc_empty_space alter_height=&#8221;huge&#8221; hide_on_desktop=&#8221;&#8221; hide_on_notebook=&#8221;&#8221; hide_on_tablet=&#8221;&#8221; hide_on_mobile=&#8221;&#8221;][\/vc_column][vc_column offset=&#8221;vc_col-md-offset-1 vc_col-md-6&#8243;][vc_empty_space height=&#8221;1.3rem&#8221; alter_height=&#8221;none&#8221; hide_on_desktop=&#8221;&#8221; hide_on_notebook=&#8221;&#8221; hide_on_tablet=&#8221;&#8221; hide_on_mobile=&#8221;&#8221;][\/vc_column][vc_column][vc_empty_space alter_height=&#8221;huge&#8221; hide_on_desktop=&#8221;&#8221; hide_on_notebook=&#8221;&#8221; hide_on_tablet=&#8221;&#8221; hide_on_mobile=&#8221;&#8221;][\/vc_column][\/vc_row][vc_row full_width=&#8221;stretch_row_content_no_spaces&#8221; hide_bg_image_on_tablet=&#8221;&#8221; hide_bg_image_on_mobile=&#8221;&#8221; css=&#8221;.vc_custom_1677783441926{background-image: url(https:\/\/draglendaherrera.com\/wp-content\/uploads\/2023\/03\/perder-peso-quito-ecuador.jpg?id=1232) !important;background-position: top left !important;background-repeat: no-repeat !important;background-size: cover !important;}&#8221;][vc_column][vc_empty_space alter_height=&#8221;huge&#8221; hide_on_desktop=&#8221;&#8221; hide_on_notebook=&#8221;&#8221; hide_on_tablet=&#8221;&#8221; hide_on_mobile=&#8221;&#8221; css=&#8221;.vc_custom_1511519900495{margin-bottom: 2.6rem !important;}&#8221;][\/vc_column][vc_column][vc_empty_space alter_height=&#8221;huge&#8221; hide_on_desktop=&#8221;&#8221; hide_on_notebook=&#8221;&#8221; hide_on_tablet=&#8221;&#8221; hide_on_mobile=&#8221;&#8221; css=&#8221;.vc_custom_1511524165507{margin-top: 3.5rem !important;}&#8221;][\/vc_column][\/vc_row][vc_row full_width=&#8221;stretch_row_content_no_spaces&#8221; scheme=&#8221;dark&#8221;][vc_column offset=&#8221;vc_hidden-sm vc_hidden-xs&#8221;][vc_empty_space alter_height=&#8221;huge&#8221; hide_on_desktop=&#8221;&#8221;&hellip;<\/p>\n","protected":false},"author":1,"featured_media":0,"parent":0,"menu_order":0,"comment_status":"closed","ping_status":"closed","template":"","meta":{"footnotes":""},"class_list":["post-348","page","type-page","status-publish","hentry"],"_links":{"self":[{"href":"https:\/\/draglendaherrera.com\/index.php\/wp-json\/wp\/v2\/pages\/348","targetHints":{"allow":["GET"]}}],"collection":[{"href":"https:\/\/draglendaherrera.com\/index.php\/wp-json\/wp\/v2\/pages"}],"about":[{"href":"https:\/\/draglendaherrera.com\/index.php\/wp-json\/wp\/v2\/types\/page"}],"author":[{"embeddable":true,"href":"https:\/\/draglendaherrera.com\/index.php\/wp-json\/wp\/v2\/users\/1"}],"replies":[{"embeddable":true,"href":"https:\/\/draglendaherrera.com\/index.php\/wp-json\/wp\/v2\/comments?post=348"}],"version-history":[{"count":25,"href":"https:\/\/draglendaherrera.com\/index.php\/wp-json\/wp\/v2\/pages\/348\/revisions"}],"predecessor-version":[{"id":1257,"href":"https:\/\/draglendaherrera.com\/index.php\/wp-json\/wp\/v2\/pages\/348\/revisions\/1257"}],"wp:attachment":[{"href":"https:\/\/draglendaherrera.com\/index.php\/wp-json\/wp\/v2\/media?parent=348"}],"curies":[{"name":"wp","href":"https:\/\/api.w.org\/{rel}","templated":true}]}}